{"id":6323,"date":"2021-04-30T14:10:52","date_gmt":"2021-04-30T13:10:52","guid":{"rendered":"https:\/\/www.christianmorel.com\/blog\/?page_id=6323"},"modified":"2024-02-22T11:45:13","modified_gmt":"2024-02-22T10:45:13","slug":"fleurs-sechees-paris","status":"publish","type":"page","link":"https:\/\/www.christianmorel.com\/blog\/fleurs-sechees-paris","title":{"rendered":"Fleurs S\u00e9ch\u00e9es \u00e0 Paris \u2013 Christian Morel"},"content":{"rendered":"<div class=\"texte_block\">\n<div class=\"texte\">\n<p><strong>DANS SA BOUTIQUE\/ATELIER RUE OBERKAMPF \u00c0 PARIS 11\u00e8me<\/strong><\/p>\n<h1>LE FLEURISTE CHRISTIAN MOREL PROPOSE DES FLEURS SECH\u00c9ES, EN COMPOSITION OU EN VRAC.<\/h1>\n<h2><strong>Pourquoi choisir les fleurs s\u00e9ch\u00e9es de chez nous\u00a0?<\/strong><\/h2>\n<p>Les <a href=\"#fleurs-sechees-paris\">fleurs s\u00e9ch\u00e9es \u00e0 Paris<\/a> sont devenues depuis plusieurs ann\u00e9es un \u00e9l\u00e9ment de d\u00e9coration de son int\u00e9rieur.<\/p>\n<p>Une multitude de vari\u00e9t\u00e9, certaines florales, d\u2019autres plus champ\u00eatres sont \u00e0 d\u00e9couvrir sous toutes leurs formes et couleurs originales.<\/p>\n<p>Contrairement aux fleurs fra\u00eeches, les fleurs s\u00e8ches peuvent se d\u00e9cliner en plusieurs formes\u00a0: bouquet rond, en tiges, en bouquet graphique ou simplement dans un vase. Les bouquets de mari\u00e9e sont tr\u00e8s en vogue \u00e9galement.<\/p>\n<p>Elles peuvent \u00e9galement se marier avec des fleurs fraiches (roses, hortensias, herbes aromatiques, eucalyptus etc\u2026) dans des compositions florales qui agr\u00e9menteront vos espaces de vie.<\/p>\n<p>Vous pouvez commander sur la <strong><a href=\"https:\/\/www.christianmorel.com\/blog\/boutique_en_ligne\">boutique en ligne<\/a><\/strong> de votre <a href=\"https:\/\/www.christianmorel.com\/blog\/accueil\">fleuriste \u00e0 Paris<\/a><\/p>\n<\/div>\n<div class=\"clear\"><\/div>\n<\/div>\n<div class=\"texte_block\">\n<div class=\"block3home\"><img decoding=\"async\" class=\"aligncenter size-medium wp-image-1455\" title=\"Christian Morel Fleuriste \u00e0 Paris 11\u00e8me - Fleurs S\u00e9ch\u00e9es\" src=\"https:\/\/www.christianmorel.com\/blog\/wp-content\/uploads\/IMG_1909.jpeg\" alt=\"Christian Morel Fleuriste \u00e0 Paris 11\u00e8me - Fleurs S\u00e9ch\u00e9es\" \/><\/div>\n<div class=\"block3home\"><img decoding=\"async\" class=\"aligncenter size-medium wp-image-1455\" title=\"Christian Morel Fleuriste \u00e0 Paris 11\u00e8me - Fleurs S\u00e9ch\u00e9es\" src=\"https:\/\/www.christianmorel.com\/blog\/wp-content\/uploads\/IMG_1794.jpeg\" alt=\"Christian Morel Fleuriste \u00e0 Paris 11\u00e8me - Fleurs S\u00e9ch\u00e9es\" \/><\/div>\n<div class=\"block3home\"><img decoding=\"async\" class=\"aligncenter size-medium wp-image-1455\" title=\"Christian Morel Fleuriste \u00e0 Paris 11\u00e8me - Fleurs S\u00e9ch\u00e9es\" src=\"https:\/\/www.christianmorel.com\/blog\/wp-content\/uploads\/IMG_1782.jpeg\" alt=\"Christian Morel Fleuriste \u00e0 Paris 11\u00e8me - Fleurs S\u00e9ch\u00e9es\" \/><\/div>\n<div class=\"block3home\"><img decoding=\"async\" class=\"aligncenter size-medium wp-image-1455\" title=\"Christian Morel Fleuriste \u00e0 Paris 11\u00e8me - Fleurs S\u00e9ch\u00e9es\" src=\"https:\/\/www.christianmorel.com\/blog\/wp-content\/uploads\/IMG_1720.jpeg\" alt=\"Christian Morel Fleuriste \u00e0 Paris 11\u00e8me - Fleurs S\u00e9ch\u00e9es\" \/><\/div>\n<div class=\"block3home\"><img decoding=\"async\" class=\"aligncenter size-medium wp-image-1455\" title=\"Christian Morel Fleuriste \u00e0 Paris 11\u00e8me - Fleurs S\u00e9ch\u00e9es\" src=\"https:\/\/www.christianmorel.com\/blog\/wp-content\/uploads\/IMG_1610.jpeg\" alt=\"Christian Morel Fleuriste \u00e0 Paris 11\u00e8me - Fleurs S\u00e9ch\u00e9es\" \/><\/div>\n<div class=\"block3home\"><img decoding=\"async\" class=\"aligncenter size-medium wp-image-1455\" title=\"Christian Morel Fleuriste \u00e0 Paris 11\u00e8me - Fleurs S\u00e9ch\u00e9es\" src=\"https:\/\/www.christianmorel.com\/blog\/wp-content\/uploads\/IMG_0433.jpeg\" alt=\"Christian Morel Fleuriste \u00e0 Paris 11\u00e8me - Fleurs S\u00e9ch\u00e9es\" \/><\/div>\n<div class=\"block3home\"><img decoding=\"async\" class=\"aligncenter size-medium wp-image-1455\" title=\"Christian Morel Fleuriste \u00e0 Paris 11\u00e8me - Fleurs S\u00e9ch\u00e9es\" src=\"https:\/\/www.christianmorel.com\/blog\/wp-content\/uploads\/IMG_1324.jpeg\" alt=\"Christian Morel Fleuriste \u00e0 Paris 11\u00e8me - Fleurs S\u00e9ch\u00e9es\" \/><\/div>\n<div class=\"block3home\"><img decoding=\"async\" class=\"aligncenter size-medium wp-image-1455\" title=\"Christian Morel Fleuriste \u00e0 Paris 11\u00e8me - Fleurs S\u00e9ch\u00e9es\" src=\"https:\/\/www.christianmorel.com\/blog\/wp-content\/uploads\/IMG_0182-575x431.jpg\" alt=\"Christian Morel Fleuriste \u00e0 Paris 11\u00e8me - Fleurs S\u00e9ch\u00e9es\" \/><\/div>\n<div class=\"block3home\"><img decoding=\"async\" class=\"aligncenter size-medium wp-image-1455\" title=\"Christian Morel Fleuriste \u00e0 Paris 11\u00e8me - Fleurs S\u00e9ch\u00e9es\" src=\"https:\/\/www.christianmorel.com\/blog\/wp-content\/uploads\/IMG_0215-1-575x767.jpg\" alt=\"Christian Morel Fleuriste \u00e0 Paris 11\u00e8me - Fleurs S\u00e9ch\u00e9es\" \/><\/div>\n<div class=\"block3home\"><img decoding=\"async\" class=\"aligncenter size-medium wp-image-1455\" title=\"Christian Morel Fleuriste \u00e0 Paris 11\u00e8me - Fleurs S\u00e9ch\u00e9es\" src=\"https:\/\/www.christianmorel.com\/blog\/wp-content\/uploads\/IMG_0221-575x767.jpg\" alt=\"Christian Morel Fleuriste \u00e0 Paris 11\u00e8me - Fleurs S\u00e9ch\u00e9es\" \/><\/div>\n<div class=\"block3home\"><img decoding=\"async\" class=\"aligncenter size-medium wp-image-1455\" title=\"Christian Morel Fleuriste \u00e0 Paris 11\u00e8me - Fleurs S\u00e9ch\u00e9es\" src=\"https:\/\/www.christianmorel.com\/blog\/wp-content\/uploads\/IMG_0230-575x767.jpg\" alt=\"Christian Morel Fleuriste \u00e0 Paris 11\u00e8me - Fleurs S\u00e9ch\u00e9es\" \/><\/div>\n<div class=\"block3home\"><img decoding=\"async\" class=\"aligncenter size-medium wp-image-1455\" title=\"Christian Morel Fleuriste \u00e0 Paris 11\u00e8me - Fleurs S\u00e9ch\u00e9es\" src=\"https:\/\/www.christianmorel.com\/blog\/wp-content\/uploads\/IMG_0253-575x431.jpg\" alt=\"Christian Morel Fleuriste \u00e0 Paris 11\u00e8me - Fleurs S\u00e9ch\u00e9es\" \/><\/div>\n<div class=\"block3home\"><img decoding=\"async\" class=\"aligncenter size-medium wp-image-1455\" title=\"Christian Morel Fleuriste \u00e0 Paris 11\u00e8me - Fleurs S\u00e9ch\u00e9es\" src=\"https:\/\/www.christianmorel.com\/blog\/wp-content\/uploads\/IMG_0268-575x431.jpg\" alt=\"Christian Morel Fleuriste \u00e0 Paris 11\u00e8me - Fleurs S\u00e9ch\u00e9es\" \/><\/div>\n<div class=\"block3home\"><img decoding=\"async\" class=\"aligncenter size-medium wp-image-1455\" title=\"Christian Morel Fleuriste \u00e0 Paris 11\u00e8me - Fleurs S\u00e9ch\u00e9es\" src=\"https:\/\/www.christianmorel.com\/blog\/wp-content\/uploads\/IMG_0271-575x431.jpg\" alt=\"Christian Morel Fleuriste \u00e0 Paris 11\u00e8me - Fleurs S\u00e9ch\u00e9es\" \/><\/div>\n<div class=\"block3home\"><img decoding=\"async\" class=\"aligncenter size-medium wp-image-1455\" title=\"Christian Morel Fleuriste \u00e0 Paris 11\u00e8me - Fleurs S\u00e9ch\u00e9es\" src=\"https:\/\/www.christianmorel.com\/blog\/wp-content\/uploads\/IMG_0302-575x431.jpg\" alt=\"Christian Morel Fleuriste \u00e0 Paris 11\u00e8me - Fleurs S\u00e9ch\u00e9es\" \/><\/div>\n<div class=\"block3home\"><img decoding=\"async\" class=\"aligncenter size-medium wp-image-1455\" title=\"Christian Morel Fleuriste \u00e0 Paris 11\u00e8me - Fleurs S\u00e9ch\u00e9es\" src=\"https:\/\/www.christianmorel.com\/blog\/wp-content\/uploads\/IMG_0303-575x431.jpg\" alt=\"Christian Morel Fleuriste \u00e0 Paris 11\u00e8me - Fleurs S\u00e9ch\u00e9es\" \/><\/div>\n<div class=\"block3home\"><img decoding=\"async\" class=\"aligncenter size-medium wp-image-1455\" title=\"Christian Morel Fleuriste \u00e0 Paris 11\u00e8me - Fleurs S\u00e9ch\u00e9es\" src=\"https:\/\/www.christianmorel.com\/blog\/wp-content\/uploads\/IMG_0306-575x431.jpg\" alt=\"Christian Morel Fleuriste \u00e0 Paris 11\u00e8me - Fleurs S\u00e9ch\u00e9es\" \/><\/div>\n<div class=\"block3home\"><img decoding=\"async\" class=\"aligncenter size-medium wp-image-1455\" title=\"Christian Morel Fleuriste \u00e0 Paris 11\u00e8me - Fleurs S\u00e9ch\u00e9es\" src=\"https:\/\/www.christianmorel.com\/blog\/wp-content\/uploads\/IMG_0433-575x767.jpg\" alt=\"Christian Morel Fleuriste \u00e0 Paris 11\u00e8me - Fleurs S\u00e9ch\u00e9es\" \/><\/div>\n<div class=\"block3home\"><img decoding=\"async\" class=\"aligncenter size-medium wp-image-1455\" title=\"Christian Morel Fleuriste \u00e0 Paris 11\u00e8me - Fleurs S\u00e9ch\u00e9es\" src=\"https:\/\/www.christianmorel.com\/blog\/wp-content\/uploads\/IMG_0762-575x575.jpg\" alt=\"Christian Morel Fleuriste \u00e0 Paris 11\u00e8me - Fleurs S\u00e9ch\u00e9es\" \/><\/div>\n<div class=\"block3home\"><img decoding=\"async\" class=\"aligncenter size-medium wp-image-1455\" title=\"Christian Morel Fleuriste \u00e0 Paris 11\u00e8me - Fleurs S\u00e9ch\u00e9es\" src=\"https:\/\/www.christianmorel.com\/blog\/wp-content\/uploads\/IMG_0765-575x575.jpg\" alt=\"Christian Morel Fleuriste \u00e0 Paris 11\u00e8me - Fleurs S\u00e9ch\u00e9es\" \/><\/div>\n<div class=\"block3home\"><img decoding=\"async\" class=\"aligncenter size-medium wp-image-1455\" title=\"Christian Morel Fleuriste \u00e0 Paris 11\u00e8me - Fleurs S\u00e9ch\u00e9es\" src=\"https:\/\/www.christianmorel.com\/blog\/wp-content\/uploads\/IMG_0774-575x575.jpg\" alt=\"Christian Morel Fleuriste \u00e0 Paris 11\u00e8me - Fleurs S\u00e9ch\u00e9es\" \/><\/div>\n<div class=\"block3home\"><img decoding=\"async\" class=\"aligncenter size-medium wp-image-1455\" title=\"Christian Morel Fleuriste \u00e0 Paris 11\u00e8me - Fleurs S\u00e9ch\u00e9es\" src=\"https:\/\/www.christianmorel.com\/blog\/wp-content\/uploads\/IMG_0777-575x575.jpg\" alt=\"Christian Morel Fleuriste \u00e0 Paris 11\u00e8me - Fleurs S\u00e9ch\u00e9es\" \/><\/div>\n<div class=\"block3home\"><img decoding=\"async\" class=\"aligncenter size-medium wp-image-1455\" title=\"Christian Morel Fleuriste \u00e0 Paris 11\u00e8me - Fleurs S\u00e9ch\u00e9es\" src=\"https:\/\/www.christianmorel.com\/blog\/wp-content\/uploads\/IMG_0784-575x575.jpg\" alt=\"Christian Morel Fleuriste \u00e0 Paris 11\u00e8me - Fleurs S\u00e9ch\u00e9es\" \/><\/div>\n<div class=\"block3home\"><img decoding=\"async\" class=\"aligncenter size-medium wp-image-1455\" title=\"Christian Morel Fleuriste \u00e0 Paris 11\u00e8me - Fleurs S\u00e9ch\u00e9es\" src=\"https:\/\/www.christianmorel.com\/blog\/wp-content\/uploads\/IMG_0251-575x431.jpg\" alt=\"Christian Morel Fleuriste \u00e0 Paris 11\u00e8me - Fleurs S\u00e9ch\u00e9es\" \/><\/div>\n<div class=\"block3home\"><img decoding=\"async\" class=\"aligncenter size-medium wp-image-1455\" title=\"Christian Morel Fleuriste \u00e0 Paris 11\u00e8me - Fleurs S\u00e9ch\u00e9es\" src=\"https:\/\/www.christianmorel.com\/blog\/wp-content\/uploads\/IMG_0239-575x431.jpg\" alt=\"Christian Morel Fleuriste \u00e0 Paris 11\u00e8me - Fleurs S\u00e9ch\u00e9es\" \/><\/div>\n<div class=\"block3home\"><img decoding=\"async\" class=\"aligncenter size-medium wp-image-1455\" title=\"Christian Morel Fleuriste \u00e0 Paris 11\u00e8me - Fleurs S\u00e9ch\u00e9es\" src=\"https:\/\/www.christianmorel.com\/blog\/wp-content\/uploads\/IMG_0318-1-575x431.jpg\" alt=\"Christian Morel Fleuriste \u00e0 Paris 11\u00e8me - Fleurs S\u00e9ch\u00e9es\" \/><\/div>\n<div class=\"block3home\"><img decoding=\"async\" class=\"aligncenter size-medium wp-image-1455\" title=\"Christian Morel Fleuriste \u00e0 Paris 11\u00e8me - Fleurs S\u00e9ch\u00e9es\" src=\"https:\/\/www.christianmorel.com\/blog\/wp-content\/uploads\/IMG_0327-575x431.jpg\" alt=\"Christian Morel Fleuriste \u00e0 Paris 11\u00e8me - Fleurs S\u00e9ch\u00e9es\" \/><\/div>\n<div class=\"block3home\"><img decoding=\"async\" class=\"aligncenter size-medium wp-image-1455\" title=\"Christian Morel Fleuriste \u00e0 Paris 11\u00e8me - Fleurs S\u00e9ch\u00e9es\" src=\"https:\/\/www.christianmorel.com\/blog\/wp-content\/uploads\/IMG_0798-575x575.jpg\" alt=\"Christian Morel Fleuriste \u00e0 Paris 11\u00e8me - Fleurs S\u00e9ch\u00e9es\" \/><\/div>\n<div class=\"block3home\"><img decoding=\"async\" class=\"aligncenter size-medium wp-image-1455\" title=\"Christian Morel Fleuriste \u00e0 Paris 11\u00e8me - Fleurs S\u00e9ch\u00e9es\" src=\"https:\/\/www.christianmorel.com\/blog\/wp-content\/uploads\/IMG_0788-575x575.jpg\" alt=\"Christian Morel Fleuriste \u00e0 Paris 11\u00e8me - Fleurs S\u00e9ch\u00e9es\" \/><\/div>\n<div class=\"block3home\"><img decoding=\"async\" class=\"aligncenter size-medium wp-image-1455\" title=\"Christian Morel Fleuriste \u00e0 Paris 11\u00e8me - Fleurs S\u00e9ch\u00e9es\" src=\"https:\/\/www.christianmorel.com\/blog\/wp-content\/uploads\/IMG_0800-575x575.jpg\" alt=\"Christian Morel Fleuriste \u00e0 Paris 11\u00e8me - Fleurs S\u00e9ch\u00e9es\" \/><\/div>\n<div id=\"fleurs-sechees-paris\">\n<h2><strong>D\u2019o\u00f9 viennent les fleurs s\u00e9ch\u00e9es de notre boutique\u00a0?<\/strong><\/h2>\n<\/div>\n<p>Nos belles fleurs s\u00e9ch\u00e9es se sont fait cueillir fraiches, certaines tiges par tiges, puis s\u00e9ch\u00e9es par des producteurs passionn\u00e9s, et enfin teint\u00e9es avec des colorants naturels.<\/p>\n<p>Nous avons \u00e9galement beaucoup de fleurs fraiches que vous pouvez s\u00e9cher vous-m\u00eame.<\/p>\n<p>\u00c0 l\u2019instar de fleurs artificielles, les fleurs s\u00e9ch\u00e9es apportent dans votre vase et pot, une certaine \u00e9l\u00e9gance des fleurs fraiches, tout en \u00e9tant \u00e9ternelle.<\/p>\n<p>Venez d\u00e9couvrir nos petits vases, pots et paniers qui s\u2019agr\u00e9menterons d\u2019une composition de fleurs s\u00e9ch\u00e9es.<\/p>\n<p>Nous serons toujours l\u00e0, nous <a href=\"https:\/\/fr.wikipedia.org\/wiki\/Fleuriste\">fleuriste<\/a>, pour vous aiguiller et vous conseiller dans votre d\u00e9couverte des fleurs s\u00e9ch\u00e9es.<\/p>\n<h2><strong>Mais o\u00f9 se trouve le Paradis des fleurs s\u00e9ch\u00e9es\u00a0?<\/strong><\/h2>\n<p>La boutique du Fleuriste cr\u00e9atif Christian Morel, se situe dans le 11eme arrondissement de la capitale, un vrai havre de paix pour une escale verdoyante.<\/p>\n<p>Vos bouquets seront confectionn\u00e9s en fonction des saisons, des couleurs que vous aimez, et des messages que vous voulez faire passer.<\/p>\n<p>Nous assurons les livraisons sur Paris et proche banlieue, tous les jours, toute l\u2019ann\u00e9e.<\/p>\n<p>N\u2019h\u00e9sitez pas \u00e0 vous arr\u00eater dans notre boutique, et laissez-vous tenter par nos compositions florales cr\u00e9ative, originales et harmonieuses, fraiches ou s\u00e9ch\u00e9es.<\/p>\n<div class=\"clear\"><\/div>\n<\/div>\n<div id=\"additional\">\n<p class=\"right margintop bigmarginbottom btnOpenDevis\"><a class=\"bouton_contenu\" href=\"#\"><span class=\"bouton_contenu_inner\">DEMANDER UN DEVIS<\/span><\/a><\/p>\n<\/div>\n<p class=\"nomarginbottom dernierMariageMorel\">LES DERNIERS <b>MARIAGES<\/b> CHRISTIAN MOREL<\/p>\n","protected":false},"excerpt":{"rendered":"<p>DANS SA BOUTIQUE\/ATELIER RUE OBERKAMPF \u00c0 PARIS 11\u00e8me LE FLEURISTE CHRISTIAN MOREL PROPOSE DES FLEURS SECH\u00c9ES, EN COMPOSITION OU EN VRAC. Pourquoi choisir les fleurs s\u00e9ch\u00e9es de chez nous\u00a0? Les fleurs s\u00e9ch\u00e9es \u00e0 Paris sont devenues depuis plusieurs ann\u00e9es un \u00e9l\u00e9ment de d\u00e9coration de son int\u00e9rieur. Une multitude de vari\u00e9t\u00e9, certaines florales, d\u2019autres plus champ\u00eatres [&hellip;]<\/p>\n","protected":false},"author":1,"featured_media":0,"parent":0,"menu_order":0,"comment_status":"closed","ping_status":"closed","template":"content_news.php","meta":{"_acf_changed":false,"_monsterinsights_skip_tracking":false,"_monsterinsights_sitenote_active":false,"_monsterinsights_sitenote_note":"","_monsterinsights_sitenote_category":0,"footnotes":""},"class_list":["post-6323","page","type-page","status-publish","hentry"],"acf":[],"aioseo_notices":[],"_links":{"self":[{"href":"https:\/\/www.christianmorel.com\/blog\/wp-json\/wp\/v2\/pages\/6323","targetHints":{"allow":["GET"]}}],"collection":[{"href":"https:\/\/www.christianmorel.com\/blog\/wp-json\/wp\/v2\/pages"}],"about":[{"href":"https:\/\/www.christianmorel.com\/blog\/wp-json\/wp\/v2\/types\/page"}],"author":[{"embeddable":true,"href":"https:\/\/www.christianmorel.com\/blog\/wp-json\/wp\/v2\/users\/1"}],"replies":[{"embeddable":true,"href":"https:\/\/www.christianmorel.com\/blog\/wp-json\/wp\/v2\/comments?post=6323"}],"version-history":[{"count":28,"href":"https:\/\/www.christianmorel.com\/blog\/wp-json\/wp\/v2\/pages\/6323\/revisions"}],"predecessor-version":[{"id":8830,"href":"https:\/\/www.christianmorel.com\/blog\/wp-json\/wp\/v2\/pages\/6323\/revisions\/8830"}],"wp:attachment":[{"href":"https:\/\/www.christianmorel.com\/blog\/wp-json\/wp\/v2\/media?parent=6323"}],"curies":[{"name":"wp","href":"https:\/\/api.w.org\/{rel}","templated":true}]}}