{"id":5567,"date":"2020-09-04T08:20:59","date_gmt":"2020-09-04T07:20:59","guid":{"rendered":"https:\/\/www.christianmorel.com\/blog\/?page_id=5567"},"modified":"2021-03-26T16:09:16","modified_gmt":"2021-03-26T15:09:16","slug":"conditions-generales-de-vente","status":"publish","type":"page","link":"https:\/\/www.christianmorel.com\/blog\/conditions-generales-de-vente","title":{"rendered":"Conditions g\u00e9n\u00e9rales de vente"},"content":{"rendered":"<p>Les pr\u00e9sentes conditions de vente sont conclues d\u2019une part\u00a0:<\/p>\n<p>par le site <a href=\"http:\/\/christianmorel.com\" target=\"_blank\" data-saferedirecturl=\"https:\/\/www.google.com\/url?q=http:\/\/christianmorel.com&amp;source=gmail&amp;ust=1599289259130000&amp;usg=AFQjCNFeBInp0Ope4ilqmckf3P8yFhWRwg\" rel=\"noopener\">christianmorel.com<\/a>,<\/p>\n<p>et d\u2019autre part,<\/p>\n<p>par toute personne physique ou morale souhaitant proc\u00e9der \u00e0 un achat via le site Internet <a href=\"http:\/\/christianmorel.com\" target=\"_blank\" data-saferedirecturl=\"https:\/\/www.google.com\/url?q=http:\/\/christianmorel.com&amp;source=gmail&amp;ust=1599289259130000&amp;usg=AFQjCNFeBInp0Ope4ilqmckf3P8yFhWRwg\" rel=\"noopener\">christianmorel.com<\/a>.<\/p>\n<p>Toutes les conditions et mentions l\u00e9gales du site\u00a0<a href=\"http:\/\/christianmorel.com\" target=\"_blank\" data-saferedirecturl=\"https:\/\/www.google.com\/url?q=http:\/\/christianmorel.com&amp;source=gmail&amp;ust=1599289259130000&amp;usg=AFQjCNFeBInp0Ope4ilqmckf3P8yFhWRwg\" rel=\"noopener\">christianmorel.com<\/a>\u00a0sont r\u00e9dig\u00e9es en langue fran\u00e7aise. En cas de traduction, seules les versions en langue fran\u00e7aise seront applicables\u00a0; la conclusion des contrats ne pourra se faire qu\u2019en fran\u00e7ais. De plus, si une ou plusieurs des dispositions des pr\u00e9sentes conditions g\u00e9n\u00e9rales sont tenues pour non valides, les autres stipulations garderont toute leur force et leur port\u00e9e.<\/p>\n<h3><b>Article 1\u00a0\u2013 Objet<\/b><\/h3>\n<p>Les pr\u00e9sentes conditions de vente visent \u00e0 d\u00e9finir vos relations contractuelles avec\u00a0<a href=\"http:\/\/christianmorel.com\" target=\"_blank\" data-saferedirecturl=\"https:\/\/www.google.com\/url?q=http:\/\/christianmorel.com&amp;source=gmail&amp;ust=1599289259130000&amp;usg=AFQjCNFeBInp0Ope4ilqmckf3P8yFhWRwg\" rel=\"noopener\">christianmorel.com<\/a>\u00a0ainsi que les conditions applicables \u00e0 tout achat effectu\u00e9 par le biais du site marchand\u00a0<a href=\"http:\/\/christianmorel.com\" target=\"_blank\" data-saferedirecturl=\"https:\/\/www.google.com\/url?q=http:\/\/christianmorel.com&amp;source=gmail&amp;ust=1599289259130000&amp;usg=AFQjCNFeBInp0Ope4ilqmckf3P8yFhWRwg\" rel=\"noopener\">christianmorel.com<\/a>\u00a0<wbr \/>que vous soyez professionnel ou consommateur. L\u2019acquisition d&rsquo;un bien ou d&rsquo;un service \u00e0 travers le pr\u00e9sent site implique que vous acceptiez sans r\u00e9serve les pr\u00e9sentes conditions de vente.<\/p>\n<p>Ces conditions de vente pr\u00e9vaudront sur toutes autres conditions g\u00e9n\u00e9rales ou particuli\u00e8res non express\u00e9ment agr\u00e9\u00e9es par\u00a0<a href=\"http:\/\/christianmorel.com\" target=\"_blank\" data-saferedirecturl=\"https:\/\/www.google.com\/url?q=http:\/\/christianmorel.com&amp;source=gmail&amp;ust=1599289259130000&amp;usg=AFQjCNFeBInp0Ope4ilqmckf3P8yFhWRwg\" rel=\"noopener\">christianmorel.com<\/a>. Cette derni\u00e8re se r\u00e9serve le droit de pouvoir modifier ses conditions de vente \u00e0 tout moment. Dans ce cas, les conditions applicables seront celles en vigueur \u00e0 la date de votre commande.<\/p>\n<h3><b>Article 2\u00a0\u2013 Caract\u00e9ristiques des produits propos\u00e9s<\/b><\/h3>\n<h4><i>Article 2.1\u00a0\u2013 Produits<\/i><\/h4>\n<p>Les produits offerts sont ceux qui figurent sur le site\u00a0<a href=\"http:\/\/christianmorel.com\" target=\"_blank\" data-saferedirecturl=\"https:\/\/www.google.com\/url?q=http:\/\/christianmorel.com&amp;source=gmail&amp;ust=1599289259130000&amp;usg=AFQjCNFeBInp0Ope4ilqmckf3P8yFhWRwg\" rel=\"noopener\">christianmorel.com<\/a>.<\/p>\n<p>Ces produits sont offerts dans la limite des stocks disponibles. Chaque produit est accompagn\u00e9 d\u2019un descriptif \u00e9tabli par le fournisseur.<\/p>\n<p>Les photographies du site\u00a0<a href=\"http:\/\/christianmorel.com\" target=\"_blank\" data-saferedirecturl=\"https:\/\/www.google.com\/url?q=http:\/\/christianmorel.com&amp;source=gmail&amp;ust=1599289259130000&amp;usg=AFQjCNFeBInp0Ope4ilqmckf3P8yFhWRwg\" rel=\"noopener\">christianmorel.com<\/a> sont les plus fid\u00e8les possibles mais ne peuvent assurer une ressemblance parfaite avec le produit livr\u00e9\u00a0; les produits floraux susceptibles d\u2019\u00eatre command\u00e9s d\u00e9pendent des saisons et de la personnalit\u00e9 artistique de chaque fleuriste, ainsi que de leur stock disponible. En cas de probl\u00e8me de disponibilit\u00e9, nous nous r\u00e9servons le droit de substituer un produit par un autre de valeur et de qualit\u00e9 \u00e9quivalentes sans pr\u00e9avis. Dans ce cas, si vous souhaitez vous r\u00e9tracter par la suite, les frais de retour seront \u00e0 notre charge (voir \u00e9galement article 10.1\u00a0\u2013 R\u00e9tractation).<\/p>\n<p>Toutefois, nous nous engageons \u00e0 fournir nos meilleurs efforts, au titre d\u2019une obligation de moyens et dans la mesure du possible, pour que le produit floral livr\u00e9 ressemble le plus possible \u00e0 la photographie du produit floral choisi, en particulier en ce qui concerne la forme, la couleur dominante et les fleurs dominantes, et tout en respectant la formule de prix que vous avez choisie.<\/p>\n<p>Pour les vases, en cas d\u2019indisponibilit\u00e9 du bien, vous en serez inform\u00e9 et pourrez \u00eatre rembours\u00e9 au plus tard dans les trente jours du paiement des sommes vers\u00e9es.<\/p>\n<h4><i>Article 2.2\u00a0\u2013 Contenants<\/i><\/h4>\n<p>Les bouquets sont livr\u00e9s sans contenants. Les contenants figurant, le cas \u00e9ch\u00e9ant, sur les photographies ne repr\u00e9sentent qu\u2019une suggestion de pr\u00e9sentation mais ne seront pas livr\u00e9s avec les bouquets\u00a0; les prix indiqu\u00e9s ne tiennent donc pas compte d\u2019un contenant.<\/p>\n<p>En ce qui concerne les plantes, elles sont livr\u00e9es avec un contenant \u00a0mais les prix indiqu\u00e9s ne prennent pas en compte les contenants pr\u00e9sent\u00e9s sur les photographies. Il vous est cependant possible, tant pour les plantes que pour les bouquets, de faire l\u2019achat d\u2019un contenant sur le site <a href=\"http:\/\/christianmorel.com\" target=\"_blank\" data-saferedirecturl=\"https:\/\/www.google.com\/url?q=http:\/\/christianmorel.com&amp;source=gmail&amp;ust=1599289259130000&amp;usg=AFQjCNFeBInp0Ope4ilqmckf3P8yFhWRwg\" rel=\"noopener\">christianmorel.com<\/a><\/p>\n<h4><i>Article 2.3\u00a0\u2013 Messages personnels<\/i><\/h4>\n<p>Vous pouvez \u00e9galement choisir de joindre un message personnel \u00e0 votre produit floral. Il vous suffit de r\u00e9diger ce message dans l\u2019espace pr\u00e9vu \u00e0 cet effet lors de la passation de votre commande. Cependant, en tant que tierce partie, nous nous r\u00e9servons le droit de ne pas joindre de messages contenant des propos racistes, diffamatoires, obsc\u00e8nes, vulgaires ou abusifs.<\/p>\n<h3><b>Article 3\u00a0\u2013 Prix<\/b><\/h3>\n<p>Les prix figurant sur le site\u00a0<a href=\"http:\/\/christianmorel.com\" target=\"_blank\" data-saferedirecturl=\"https:\/\/www.google.com\/url?q=http:\/\/christianmorel.com&amp;source=gmail&amp;ust=1599289259130000&amp;usg=AFQjCNFeBInp0Ope4ilqmckf3P8yFhWRwg\" rel=\"noopener\">christianmorel.com<\/a>\u00a0sont des prix TTC (toutes taxes comprises) en euros tenant compte de la TVA applicable au jour de votre commande\u00a0; tout changement du taux pourra \u00eatre r\u00e9percut\u00e9 sur le prix des produits. Nous nous r\u00e9servons le droit de modifier ces prix \u00e0 tout moment, \u00e9tant toutefois entendu que le prix figurant au catalogue le jour de votre commande sera le seul qui vous sera applicable. Les prix indiqu\u00e9s sur le site\u00a0<a href=\"http:\/\/christianmorel.com\" target=\"_blank\" data-saferedirecturl=\"https:\/\/www.google.com\/url?q=http:\/\/christianmorel.com&amp;source=gmail&amp;ust=1599289259130000&amp;usg=AFQjCNFeBInp0Ope4ilqmckf3P8yFhWRwg\" rel=\"noopener\">christianmorel.com<\/a>\u00a0<wbr \/>comprennent les frais de traitement de commande. En revanche, les frais de transport et de livraison viennent s\u2019ajouter aux prix indiqu\u00e9s\u00a0; vous serez inform\u00e9 du montant des frais de livraison et du prix total de votre commande au plus tard avant de confirmer cette derni\u00e8re.<\/p>\n<p>En aucun cas, les prix ne prennent en compte le co\u00fbt de la communication pour acc\u00e9der \u00e0\u00a0<a href=\"http:\/\/christianmorel.com\" target=\"_blank\" data-saferedirecturl=\"https:\/\/www.google.com\/url?q=http:\/\/christianmorel.com&amp;source=gmail&amp;ust=1599289259130000&amp;usg=AFQjCNFeBInp0Ope4ilqmckf3P8yFhWRwg\" rel=\"noopener\">christianmorel.com<\/a>, qui est exclusivement \u00e0 votre charge.<\/p>\n<h3><b>Article 4\u00a0\u2013 Aire g\u00e9ographique<\/b><\/h3>\n<p>La livraison est disponible dans la region Ile de France.<\/p>\n<h3><b>Article 5\u00a0\u2013 Commande<\/b><\/h3>\n<p>Pour passer une commande, il vous faudra passer par les \u00e9tapes suivantes\u00a0:<\/p>\n<ul>\n<li>remplir la fiche d\u2019identification sur laquelle vous indiquerez toutes les coordonn\u00e9es demand\u00e9es\u00a0; nous vous prions d\u2019\u00eatre pr\u00e9cis et complet dans vos coordonn\u00e9es ou dans celles de la personne \u00e0 qui vous destinez votre commande (nom, adresse, num\u00e9ro de t\u00e9l\u00e9phone mais \u00e9galement digicode, \u00e9tage\u2026)\u00a0;<\/li>\n<li>remplir le bon de commande en ligne en donnant toutes les r\u00e9f\u00e9rences des produits choisis\u00a0;<\/li>\n<li>valider votre choix de produits\u00a0;<\/li>\n<li>prendre connaissance des frais de livraison\u00a0;<\/li>\n<li>effectuer le paiement dans les conditions pr\u00e9vues\u00a0;<\/li>\n<li>confirmer votre commande et son r\u00e8glement.<\/li>\n<\/ul>\n<p>La confirmation de la commande entra\u00eene acceptation des pr\u00e9sentes conditions de vente, la reconnaissance d\u2019en avoir parfaite connaissance et la renonciation \u00e0 se pr\u00e9valoir de vos propres conditions d&rsquo;achat ou d&rsquo;autres conditions. L\u2019ensemble des donn\u00e9es fournies et la confirmation enregistr\u00e9e vaudront preuve de la transaction. La confirmation vaudra signature et acceptation des op\u00e9rations effectu\u00e9es. Nous vous communiquerons par courrier \u00e9lectronique confirmation de la commande enregistr\u00e9e.<\/p>\n<p>La conclusion du contrat de vente n\u2019interviendra que dans le cas o\u00f9 la commande est accept\u00e9e. En effet, nous nous r\u00e9servons le droit de ne pas enregistrer un paiement et donc de ne pas confirmer une commande, notamment pour les raisons suivantes\u00a0: probl\u00e8me concernant la commande re\u00e7ue (anormale, illisible), livraison demand\u00e9e hors de la zone pr\u00e9vue, facture pr\u00e9c\u00e9dente impay\u00e9e\u2026<\/p>\n<p>En tant que client, vous \u00eates tenu responsable de votre commande\u00a0; les donn\u00e9es annonc\u00e9es vous engagent une fois la commande pass\u00e9e. En cas d\u2019erreur dans le libell\u00e9 d\u2019honorer votre commande (voir \u00e9galement article 8\u00a0\u2013 Livraison).<\/p>\n<h3><b>Article 6\u00a0\u2013 Modification ou annulation de la commande<\/b><\/h3>\n<p>Vous pouvez modifier les informations de livraison ou annuler votre commande avant la mise en pr\u00e9paration de celle-ci\u00a0: il vous suffit de formuler votre demande \u00e0 notre service client par e-mail \u00e0 l\u2019adresse\u00a0<a href=\"mailto:contact@christianmorel.com\" >contact@christianmorel.com<\/a>\u00a0ou par t\u00e9l\u00e9phone au +33\u00a0(0)1\u00a049 23 94 33 (de 10\u00a0heures \u00e0 20 heures\u00a0; prix d\u2019un appel local). En revanche, une fois la mise en pr\u00e9paration de la commande d\u00e9but\u00e9e, toute modification ou annulation de votre commande sera impossible.<\/p>\n<h3><b>Article 7\u00a0\u2013 Paiement<\/b><\/h3>\n<p>Le prix est exigible \u00e0 la commande.<\/p>\n<p>Les paiements seront effectu\u00e9s par carte bancaire (Visa, Mastercard ou American Express)\u00a0; ils seront r\u00e9alis\u00e9s par le biais du syst\u00e8me s\u00e9curis\u00e9 payplug qui utilise le protocole SSL (Secure Socket Layer) de telle sorte que les informations transmises sont crypt\u00e9es par un logiciel et qu\u2019aucun tiers ne peut en prendre connaissance au cours du transport sur le r\u00e9seau. Nous n\u2019avons acc\u00e8s \u00e0 vos coordonn\u00e9es bancaires \u00e0 aucun moment.<\/p>\n<p>\u00c0 votre demande, il vous sera adress\u00e9 une facture.<\/p>\n<h3><b>Article 8\u00a0\u2013 Livraison<\/b><\/h3>\n<p>Les livraisons sont faites \u00e0 l\u2019adresse indiqu\u00e9e dans le bon de commande qui ne peut \u00eatre que dans la zone g\u00e9ographique convenue. Nous d\u00e9clinons toute responsabilit\u00e9 en cas d\u2019erreur dans les coordonn\u00e9es du destinataire r\u00e9sultant dans l\u2019impossibilit\u00e9 de donner suite \u00e0 votre commande.<\/p>\n<h4><i>Article 8.1\u00a0\u2013 D\u00e9lais de livraison<\/i><\/h4>\n<p>Pour les bouquets, plantes et fleurs fraiches, nous nous engageons \u00e0 vous livrer dans un d\u00e9lai maximum de 12 heures. Cependant, nous mettons tout en \u0153uvre pour que vous soyez livr\u00e9 le plus rapidement possible.<\/p>\n<p>Le prix de la livraison est de 15 euros \u00e0 Paris et de 25 euros en proche banlieue. Il vous est \u00e9galement possible de venir chercher vous-m\u00eame votre commande en boutique.<\/p>\n<h3><b>Article 9\u00a0\u2013 Garantie<\/b><\/h3>\n<p>Tous les produits fournis par le vendeur b\u00e9n\u00e9ficient de la garantie l\u00e9gale pr\u00e9vue aux articles 1641 et suivants du Code civil.<\/p>\n<h3><b>Article 10\u00a0\u2013 R\u00e9tractation, r\u00e9clamation et remboursement<\/b><\/h3>\n<h4><i>Article 10.1\u00a0\u2013 R\u00e9tractation<\/i><\/h4>\n<p>Les fleurs fraiches \u00e9tant des denr\u00e9es p\u00e9rissables rapidement, un droit de r\u00e9tractation n\u2019est pas possible les concernant conform\u00e9ment \u00e0 l\u2019article L121-20-2 du Code de la Consommation. En revanche, pour les plantes en pots, ainsi que pour les vases, contenants, accessoires\u2026 vous disposez d\u2019un droit de r\u00e9tractation de sept jours \u00e0 compter du jour de la livraison. Le produit devra \u00eatre retourn\u00e9 en parfait \u00e9tat et dans son emballage d\u2019origine. Si vous d\u00e9cidez d\u2019exercer ce droit, vous devrez nous adresser un courrier en recommand\u00e9. Le remboursement sera alors int\u00e9gral et comprendra la totalit\u00e9 des sommes vers\u00e9es, y compris les frais de livraison conform\u00e9ment \u00e0 la loi Ch\u00e2tel du 3 janvier 2008.<\/p>\n<p>Le remboursement aura lieu au plus tard dans les trente jours suivant la date \u00e0 laquelle votre droit de r\u00e9tractation aura \u00e9t\u00e9 exerc\u00e9. Les frais de retour seront \u00e0 votre charge sauf si un produit de votre commande a \u00e9t\u00e9 substitu\u00e9 par un autre pour des raisons de probl\u00e8me de disponibilit\u00e9. Dans ce cas, ces frais seront \u00e0 notre charge. Cependant, pour b\u00e9n\u00e9ficier du droit de r\u00e9tractation, le produit doit \u00eatre retourn\u00e9 en parfait \u00e9tat et dans son emballage d\u2019origine. Si ce n\u2019est pas le cas, nous ne serons tenus \u00e0 aucune compensation.<\/p>\n<h4><i>Article 10.2\u00a0\u2013 R\u00e9clamation<\/i><\/h4>\n<p>Pour les bouquets, plantes et fleurs fraiches, en cas de r\u00e9clamation, nous vous invitons \u00e0 nous faire parvenir une photographie du produit dans les deux jours suivant la date indicative de livraison pr\u00e9vue afin que nous puissions constater son d\u00e9faut. Le produit sera alors \u00e9chang\u00e9 ou rembours\u00e9, \u00e0 l\u2019exclusion de toute autre indemnit\u00e9 ou dommages et int\u00e9r\u00eats. L\u2019\u00e9change ou le remboursement est exclu lorsque les produits floraux n\u2019ont pu \u00eatre livr\u00e9s au destinataire \u00e0 la date de livraison initialement pr\u00e9vue.<\/p>\n<p>En ce qui concerne les vases, contenants, accessoires\u2026 les r\u00e9clamations devront \u00eatre faites dans les trois jours suivant la date indicative de livraison pr\u00e9vue et \u00eatre accompagn\u00e9es d\u2019une photographie. Une fois le d\u00e9faut constat\u00e9, le produit sera \u00e9chang\u00e9 ou rembours\u00e9. En aucun cas il ne peut y avoir de dommages et int\u00e9r\u00eats.<\/p>\n<h4><i>Article 10.3\u00a0\u2013 Remboursement<\/i><\/h4>\n<p>Le remboursement de la commande ne sera possible qu\u2019en cas de r\u00e9tractation, de r\u00e9clamation ou en cas d\u2019erreur dans la commande ou la livraison imputable \u00e0 notre service. Tout remboursement interviendra dans un d\u00e9lai maximum de trente jours suivant la r\u00e9tractation, la r\u00e9clamation ou la prise de conscience de l\u2019erreur.<\/p>\n<p>Toutes les r\u00e9clamations, demandes d\u2019\u00e9change ou de remboursement doivent s\u2019effectuer par voie postale ou par e-mail : <b><a href=\"mailto:contact@christianmorel.com\" >contact@christianmorel.com<\/a><\/b><\/p>\n<h3><b>Article 11\u00a0\u2013 R\u00e9siliation pour faute contractuelle du client<\/b><\/h3>\n<p>En cas de non-respect des pr\u00e9sentes conditions g\u00e9n\u00e9rales de vente, nous nous r\u00e9servons le droit, sans aucune indemnit\u00e9, ni pr\u00e9avis de suspendre ou de fermer le compte de l\u2019utilisateur et de lui refuser pour l\u2019avenir l\u2019acc\u00e8s \u00e0 tout ou partie du service, sans pr\u00e9judice des diff\u00e9rentes actions d\u00e9lictuelles ou contractuelles de droit commun qui pourraient lui \u00eatre ouvertes.<\/p>\n<h3><b>Article 12\u00a0\u2013 Responsabilit\u00e9<\/b><\/h3>\n<p>Dans le processus de vente en ligne, nous ne pouvons \u00eatre tenus que par une obligation de moyens\u00a0; notre responsabilit\u00e9 ne pourra \u00eatre engag\u00e9e pour un dommage r\u00e9sultant de l\u2019utilisation du r\u00e9seau Internet tel que perte de donn\u00e9es, intrusion, virus, rupture du service, ou autres probl\u00e8mes involontaires.<\/p>\n<p>En revanche, en cas d\u2019informations erron\u00e9es sur le site <a href=\"http:\/\/christianmorel.com\" target=\"_blank\" data-saferedirecturl=\"https:\/\/www.google.com\/url?q=http:\/\/christianmorel.com&amp;source=gmail&amp;ust=1599289259131000&amp;usg=AFQjCNEN9Xw0AxkGaPCUhOC5Eb8MQCJvoQ\" rel=\"noopener\">christianmorel.com<\/a>, nous mettrons tout en \u0153uvre pour les corriger et pr\u00e9viendrons les clients concern\u00e9s d\u00e8s la prise de conscience des dites erreurs.<\/p>\n<p>Nous nous r\u00e9servons \u00e9galement le droit de fermer le site Flower.<i>fr<\/i>\u00a0sans aucun pr\u00e9avis.<\/p>\n<h3><b>Article 13 \u2013 Propri\u00e9t\u00e9 intellectuelle<\/b><\/h3>\n<p>Le site <a href=\"http:\/\/christianmorel.com\" target=\"_blank\" data-saferedirecturl=\"https:\/\/www.google.com\/url?q=http:\/\/christianmorel.com&amp;source=gmail&amp;ust=1599289259131000&amp;usg=AFQjCNEN9Xw0AxkGaPCUhOC5Eb8MQCJvoQ\" rel=\"noopener\">christianmorel.com<\/a>, sa composition, les textes, les images et les vid\u00e9os pr\u00e9sent\u00e9s sont prot\u00e9g\u00e9s au titre de la propri\u00e9t\u00e9 intellectuelle et de ses droits d\u00e9pendants. Leur reproduction, t\u00e9l\u00e9chargement, copie ou repr\u00e9sentation, m\u00eame partielle, est interdite.<\/p>\n<h3><b>Article 14 \u2013 Litige<\/b><\/h3>\n<p>Les pr\u00e9sentes conditions de vente en ligne sont soumises \u00e0 la loi fran\u00e7aise. En cas de litige, comp\u00e9tence est attribu\u00e9e aux tribunaux comp\u00e9tents de Paris, nonobstant pluralit\u00e9 de d\u00e9fendeurs ou appel en garantie. Cependant, en cas de litige, vous \u00eates invit\u00e9 \u00e0 contacter contactant par e-mail \u00e0 l&rsquo;adresse suivante\u00a0:<br \/>\n<a href=\"mailto:contact@christianmorel.com\" >contact@christianmorel.com<\/a>\u00a0en priorit\u00e9 afin de tenter de trouver une solution amiable.<\/p>\n","protected":false},"excerpt":{"rendered":"<p>Les pr\u00e9sentes conditions de vente sont conclues d\u2019une part\u00a0: par le site christianmorel.com, et d\u2019autre part, par toute personne physique ou morale souhaitant proc\u00e9der \u00e0 un achat via le site Internet christianmorel.com. Toutes les conditions et mentions l\u00e9gales du site\u00a0christianmorel.com\u00a0sont r\u00e9dig\u00e9es en langue fran\u00e7aise. En cas de traduction, seules les versions en langue fran\u00e7aise seront [&hellip;]<\/p>\n","protected":false},"author":1,"featured_media":0,"parent":0,"menu_order":0,"comment_status":"closed","ping_status":"closed","template":"content_simple.php","meta":{"_acf_changed":false,"_monsterinsights_skip_tracking":false,"_monsterinsights_sitenote_active":false,"_monsterinsights_sitenote_note":"","_monsterinsights_sitenote_category":0,"footnotes":""},"class_list":["post-5567","page","type-page","status-publish","hentry"],"acf":[],"aioseo_notices":[],"_links":{"self":[{"href":"https:\/\/www.christianmorel.com\/blog\/wp-json\/wp\/v2\/pages\/5567","targetHints":{"allow":["GET"]}}],"collection":[{"href":"https:\/\/www.christianmorel.com\/blog\/wp-json\/wp\/v2\/pages"}],"about":[{"href":"https:\/\/www.christianmorel.com\/blog\/wp-json\/wp\/v2\/types\/page"}],"author":[{"embeddable":true,"href":"https:\/\/www.christianmorel.com\/blog\/wp-json\/wp\/v2\/users\/1"}],"replies":[{"embeddable":true,"href":"https:\/\/www.christianmorel.com\/blog\/wp-json\/wp\/v2\/comments?post=5567"}],"version-history":[{"count":6,"href":"https:\/\/www.christianmorel.com\/blog\/wp-json\/wp\/v2\/pages\/5567\/revisions"}],"predecessor-version":[{"id":6218,"href":"https:\/\/www.christianmorel.com\/blog\/wp-json\/wp\/v2\/pages\/5567\/revisions\/6218"}],"wp:attachment":[{"href":"https:\/\/www.christianmorel.com\/blog\/wp-json\/wp\/v2\/media?parent=5567"}],"curies":[{"name":"wp","href":"https:\/\/api.w.org\/{rel}","templated":true}]}}