{"id":1054,"date":"2014-12-01T14:10:35","date_gmt":"2014-12-01T13:10:35","guid":{"rendered":"https:\/\/www.christianmorel.com\/blog\/?page_id=1054"},"modified":"2025-12-20T17:57:38","modified_gmt":"2025-12-20T16:57:38","slug":"evenementiel","status":"publish","type":"page","link":"https:\/\/www.christianmorel.com\/blog\/evenementiel","title":{"rendered":"\u00c9v\u00e8nementiel"},"content":{"rendered":"<div class=\"texte_block\">\n<div class=\"texte\">\n<p>&nbsp;<\/p>\n<p><strong>LA<\/strong><strong> MAISON<\/strong><strong> CHRISTIAN MOREL<\/strong><strong>, SPECIALIS\u00c9E DANS L\u2019EVENEMENTIEL FLORAL EN FRANCE ET \u00c0 L\u2019INTERNATIONAL, CON\u00c7OIT DES COMPOSITIONS <a href=\"http:\/\/www.christianmorel.com\">FLORALES<\/a> UNIQUES ET SUR-MESURE POUR VOS \u00c9V\u00c8NEMENTS. L\u2019EXCLUSIVIT\u00c9 ET LA PERSONNALISATION SONT AU C\u0152UR DE NOTRE APPROCHE\u00a0!<\/strong><\/p>\n<\/div>\n<div><\/div>\n<div><\/div>\n<div class=\"clear\"><\/div>\n<\/div>\n","protected":false},"excerpt":{"rendered":"<p>&nbsp; LA MAISON CHRISTIAN MOREL, SPECIALIS\u00c9E DANS L\u2019EVENEMENTIEL FLORAL EN FRANCE ET \u00c0 L\u2019INTERNATIONAL, CON\u00c7OIT DES COMPOSITIONS FLORALES UNIQUES ET SUR-MESURE POUR VOS \u00c9V\u00c8NEMENTS. L\u2019EXCLUSIVIT\u00c9 ET LA PERSONNALISATION SONT AU C\u0152UR DE NOTRE APPROCHE\u00a0!<\/p>\n","protected":false},"author":1,"featured_media":0,"parent":0,"menu_order":7,"comment_status":"open","ping_status":"closed","template":"content_news.php","meta":{"_acf_changed":false,"_monsterinsights_skip_tracking":false,"_monsterinsights_sitenote_active":false,"_monsterinsights_sitenote_note":"","_monsterinsights_sitenote_category":0,"footnotes":""},"class_list":["post-1054","page","type-page","status-publish","hentry"],"acf":[],"aioseo_notices":[],"_links":{"self":[{"href":"https:\/\/www.christianmorel.com\/blog\/wp-json\/wp\/v2\/pages\/1054","targetHints":{"allow":["GET"]}}],"collection":[{"href":"https:\/\/www.christianmorel.com\/blog\/wp-json\/wp\/v2\/pages"}],"about":[{"href":"https:\/\/www.christianmorel.com\/blog\/wp-json\/wp\/v2\/types\/page"}],"author":[{"embeddable":true,"href":"https:\/\/www.christianmorel.com\/blog\/wp-json\/wp\/v2\/users\/1"}],"replies":[{"embeddable":true,"href":"https:\/\/www.christianmorel.com\/blog\/wp-json\/wp\/v2\/comments?post=1054"}],"version-history":[{"count":69,"href":"https:\/\/www.christianmorel.com\/blog\/wp-json\/wp\/v2\/pages\/1054\/revisions"}],"predecessor-version":[{"id":9448,"href":"https:\/\/www.christianmorel.com\/blog\/wp-json\/wp\/v2\/pages\/1054\/revisions\/9448"}],"wp:attachment":[{"href":"https:\/\/www.christianmorel.com\/blog\/wp-json\/wp\/v2\/media?parent=1054"}],"curies":[{"name":"wp","href":"https:\/\/api.w.org\/{rel}","templated":true}]}}