{"id":1036,"date":"2014-12-01T12:13:25","date_gmt":"2014-12-01T11:13:25","guid":{"rendered":"https:\/\/www.christianmorel.com\/blog\/?page_id=1036"},"modified":"2025-08-23T13:42:31","modified_gmt":"2025-08-23T12:42:31","slug":"maison","status":"publish","type":"page","link":"https:\/\/www.christianmorel.com\/blog\/maison","title":{"rendered":"La Maison"},"content":{"rendered":"<div class=\"texte_block\">\n<h3 data-start=\"166\" data-end=\"219\"><em data-start=\"170\" data-end=\"217\">Un H\u00e9ritage d\u2019Excellence, une Vision d\u2019Audace<\/em><\/h3>\n<div class=\"image_droite\"><img loading=\"lazy\" decoding=\"async\" class=\"aligncenter size-full wp-image-1039\" title=\"christian_morel\" src=\"https:\/\/www.christianmorel.com\/blog\/wp-content\/uploads\/FB_IMG_1741794739959.jpg\" alt=\"Christian Morel\" width=\"315\" height=\"417\" \/><\/div>\n<div class=\"texte_block\"><\/div>\n<p data-start=\"221\" data-end=\"634\">Depuis sa cr\u00e9ation, la <strong data-start=\"244\" data-end=\"270\">Maison Christian Morel<\/strong> s\u2019impose comme une signature florale d\u2019exception, o\u00f9 l\u2019\u00e9motion et le savoir-faire se rencontrent pour donner naissance \u00e0 des cr\u00e9ations uniques. Ici, la fleur n\u2019est pas seulement un \u00e9l\u00e9ment de d\u00e9coration : elle est mise en sc\u00e8ne, sculpt\u00e9e, pens\u00e9e dans une approche o\u00f9 l\u2019\u00e9l\u00e9gance se conjugue \u00e0 la modernit\u00e9, o\u00f9 chaque composition devient une \u0153uvre \u00e0 part enti\u00e8re.<\/p>\n<p data-start=\"636\" data-end=\"954\">Fond\u00e9e sur des valeurs d\u2019excellence et de cr\u00e9ativit\u00e9, la maison a su traverser les \u00e9poques en imposant un style audacieux et visionnaire. De la boutique du <strong data-start=\"792\" data-end=\"823\">11\u1d49 arrondissement de Paris<\/strong> aux plus grands h\u00f4tels et \u00e9v\u00e9nements prestigieux, <strong data-start=\"874\" data-end=\"893\">Christian Morel<\/strong> a marqu\u00e9 l\u2019univers floral par son approche avant-gardiste.<\/p>\n<p data-start=\"956\" data-end=\"1134\">Aujourd\u2019hui, un nouveau chapitre s\u2019\u00e9crit sous l\u2019impulsion de <strong data-start=\"1017\" data-end=\"1034\">Quentin Omnes<\/strong>, qui perp\u00e9tue cette qu\u00eate d\u2019exception en y ajoutant une touche de renouveau et de sophistication.<\/p>\n<hr data-start=\"1136\" data-end=\"1139\" \/>\n<h2 data-start=\"1141\" data-end=\"1209\"><strong data-start=\"1144\" data-end=\"1207\">Quentin Omnes, l\u2019H\u00e9ritier d\u2019un Savoir-Faire et d\u2019une Vision<\/strong><\/h2>\n<p data-start=\"1211\" data-end=\"1541\">D\u2019un premier regard, Quentin n\u2019\u00e9tait pas destin\u00e9 \u00e0 l\u2019univers floral. N\u00e9 dans le sud de la France, il grandit entour\u00e9 par la nature, d\u00e9veloppant un lien instinctif avec le v\u00e9g\u00e9tal.<\/p>\n<p data-start=\"1844\" data-end=\"2252\">En 2016, sa rencontre avec <strong data-start=\"1871\" data-end=\"1890\">Christian Morel<\/strong> est d\u00e9terminante. Il int\u00e8gre la maison et se plonge avec passion dans cet art aux multiples facettes. <strong data-start=\"1993\" data-end=\"2008\">Autodidacte<\/strong>, il apprend sur le terrain, absorbe chaque d\u00e9tail, affine son regard, d\u00e9veloppe une gestuelle propre. Son absence de formation classique devient sa force : il apporte un \u0153il neuf, une audace sans limite, une approche lib\u00e9r\u00e9e des conventions.<\/p>\n<p data-start=\"2254\" data-end=\"2527\">Tr\u00e8s vite, son talent se fait remarquer. Les <strong data-start=\"2299\" data-end=\"2371\">Maisons de couture, les palaces parisiens et une client\u00e8le exigeante<\/strong> se tournent vers ses cr\u00e9ations, captiv\u00e9es par cette nouvelle approche du floral o\u00f9 la nature s\u2019exprime avec une puissance graphique et \u00e9motionnelle rare.<\/p>\n<hr data-start=\"2529\" data-end=\"2532\" \/>\n<h2 data-start=\"2534\" data-end=\"2586\"><strong data-start=\"2537\" data-end=\"2584\">L\u2019Excellence Florale au Service du Prestige<\/strong><\/h2>\n<p data-start=\"2588\" data-end=\"2869\">Sous la direction de Quentin, la <strong data-start=\"2621\" data-end=\"2647\">Maison Christian Morel<\/strong> s\u2019impose comme une r\u00e9f\u00e9rence incontournable du <strong data-start=\"2695\" data-end=\"2719\">luxe floral parisien<\/strong>. Ici, la perfection est une exigence de chaque instant. Chaque fleur est choisie avec minutie, chaque composition pens\u00e9e dans ses moindres d\u00e9tails.<\/p>\n<p data-start=\"2871\" data-end=\"3216\">Le <strong data-start=\"2874\" data-end=\"2882\">luxe<\/strong> ne s\u2019exprime pas dans l\u2019exc\u00e8s, mais dans la raret\u00e9, la justesse, la subtilit\u00e9. Les couleurs sont soigneusement \u00e9tudi\u00e9es, les textures sublim\u00e9es, les volumes \u00e9quilibr\u00e9s avec une pr\u00e9cision absolue. Chaque bouquet, chaque d\u00e9cor floral devient une exp\u00e9rience immersive, un instant suspendu o\u00f9 la nature s\u2019offre dans toute sa splendeur.<\/p>\n<p data-start=\"3218\" data-end=\"3641\">La maison ne se contente pas de proposer des compositions florales : elle cr\u00e9e des <strong data-start=\"3301\" data-end=\"3312\">univers<\/strong>. Chaque projet est une partition sur-mesure, un dialogue entre la fleur et l\u2019espace. Qu\u2019il s\u2019agisse d\u2019un <strong data-start=\"3418\" data-end=\"3446\">\u00e9v\u00e9nement priv\u00e9 exclusif<\/strong>, d\u2019une <strong data-start=\"3454\" data-end=\"3503\">sc\u00e9nographie pour une Maison de Haute couture<\/strong>, ou d\u2019un <strong data-start=\"3513\" data-end=\"3556\">d\u00e9cor floral pour un h\u00f4tel cinq \u00e9toiles<\/strong>, la maison fa\u00e7onne des instants d\u2019exception o\u00f9 le v\u00e9g\u00e9tal devient une \u0153uvre d\u2019art.<\/p>\n<hr data-start=\"3643\" data-end=\"3646\" \/>\n<h2 data-start=\"3648\" data-end=\"3683\"><strong data-start=\"3651\" data-end=\"3681\">Une Cr\u00e9ativit\u00e9 Sans Limite<\/strong><\/h2>\n<p data-start=\"3685\" data-end=\"4003\">Au fil des ann\u00e9es, la Maison se d\u00e9marque par sa capacit\u00e9 \u00e0 se r\u00e9inventer. Le <strong data-start=\"3762\" data-end=\"3782\">V\u00e9g\u00e9tal Dressing<\/strong>, imagin\u00e9 peu apr\u00e8s l\u2019arriv\u00e9e de Quentin, en est l\u2019exemple parfait : une approche novatrice o\u00f9 les fleurs viennent habiller le v\u00eatement, fusionnant ainsi la mode et l\u2019art floral dans une vision r\u00e9solument contemporaine.<\/p>\n<p data-start=\"4005\" data-end=\"4340\">Mais l\u2019innovation ne s\u2019arr\u00eate pas l\u00e0. <strong data-start=\"4043\" data-end=\"4092\">Une nouvelle lecture des attentes des clients<\/strong>, un <strong data-start=\"4097\" data-end=\"4149\">sourcing toujours plus exigeant des fournisseurs<\/strong> \u2013 notamment en Hollande \u2013, et une exploration permanente des possibilit\u00e9s offertes par les structures v\u00e9g\u00e9tales permettent \u00e0 la maison de <strong data-start=\"4288\" data-end=\"4337\">rester en t\u00eate de la sc\u00e8ne florale parisienne<\/strong>.<\/p>\n<p data-start=\"4342\" data-end=\"4645\">Cette qu\u00eate de perfection ne repose pas uniquement sur la cr\u00e9ativit\u00e9. Le <strong data-start=\"4415\" data-end=\"4426\">service<\/strong> est une pierre angulaire de l\u2019exp\u00e9rience Maison Christian Morel. La discr\u00e9tion, la r\u00e9activit\u00e9 et l\u2019adaptabilit\u00e9 sont les ma\u00eetres-mots d\u2019une \u00e9quipe qui sait r\u00e9pondre aux exigences d\u2019une client\u00e8le habitu\u00e9e au meilleur.<\/p>\n<hr data-start=\"4647\" data-end=\"4650\" \/>\n<div class=\"texte_block\"><\/div>\n<h2 data-start=\"4652\" data-end=\"4702\"><strong data-start=\"4655\" data-end=\"4700\">Un Renouveau, Une Nouvelle Vision du Luxe<\/strong><\/h2>\n<div class=\"image_droite\"><img loading=\"lazy\" decoding=\"async\" class=\"aligncenter size-full wp-image-1039\" title=\"christian_morel\" src=\"https:\/\/www.christianmorel.com\/blog\/wp-content\/uploads\/IMG_1378-575x577.jpg\" alt=\"Christian Morel\" width=\"315\" height=\"417\" \/><\/div>\n<\/div>\n<div class=\"texte_block\">\n<p data-start=\"4704\" data-end=\"4964\">En 2022, apr\u00e8s plusieurs ann\u00e9es \u00e0 fa\u00e7onner ensemble l\u2019\u00e2me de la Maison, <strong data-start=\"4776\" data-end=\"4829\">Christian Morel passe le flambeau \u00e0 Quentin Omnes<\/strong>. Ce changement marque un tournant, une \u00e9volution naturelle vers une esth\u00e9tique encore plus <strong data-start=\"4921\" data-end=\"4961\">contemporaine, raffin\u00e9e et exclusive<\/strong>.<\/p>\n<p data-start=\"4966\" data-end=\"5235\">Si l\u2019ADN de la maison demeure, une <strong data-start=\"5001\" data-end=\"5034\">nouvelle dimension artistique<\/strong> s\u2019infuse dans chaque cr\u00e9ation. Quentin insuffle une vision du luxe r\u00e9solument moderne : une approche o\u00f9 <strong data-start=\"5139\" data-end=\"5232\">l\u2019\u00e9motion prime sur l\u2019ostentation, o\u00f9 la simplicit\u00e9 devient la quintessence de l\u2019\u00e9l\u00e9gance<\/strong>.<\/p>\n<p data-start=\"5237\" data-end=\"5514\">Aujourd\u2019hui, la maison s\u2019impose comme un <strong data-start=\"5278\" data-end=\"5335\">acteur incontournable de la sc\u00e8ne florale de prestige<\/strong>. <strong data-start=\"5337\" data-end=\"5444\">Les \u00e9v\u00e9nements priv\u00e9s les plus exclusifs, les h\u00f4tels les plus iconiques et les Maisons de <a href=\"https:\/\/www.chanel.com\/fr\/\">Haute couture<\/a><\/strong> font appel \u00e0 son savoir-faire unique, \u00e0 son exigence de perfection.<\/p>\n<p data-start=\"5516\" data-end=\"5752\">Ancr\u00e9e dans le bouillonnement cr\u00e9atif parisien, la boutique du <strong data-start=\"5579\" data-end=\"5601\"><br \/>\n11\u1d49 arrondissement<\/strong> reste le c\u0153ur battant de la maison.<\/p>\n<p><strong data-start=\"4288\" data-end=\"4337\">Un atelier o\u00f9 les tendances se cr\u00e9ent, o\u00f9 chaque <a href=\"https:\/\/www.christianmorel.com\/blog\/accueil\">bouquet<\/a> est une histoire, o\u00f9 chaque cr\u00e9ation est une signature.<\/strong>.<\/p>\n<div class=\"texte_block kadd_small_nopaddingbottom\">\n<div class=\"texte\">\n<div class=\"clear\"><\/div>\n<\/div>\n<div class=\"clear\"><\/div>\n<\/div>\n<div class=\"h2 nomarginbottom\">DERNI\u00c8RES ACTUALIT\u00c9S DE LA MAISON CHRISTIAN MOREL<\/div>\n<\/div>\n","protected":false},"excerpt":{"rendered":"<p>Un H\u00e9ritage d\u2019Excellence, une Vision d\u2019Audace Depuis sa cr\u00e9ation, la Maison Christian Morel s\u2019impose comme une signature florale d\u2019exception, o\u00f9 l\u2019\u00e9motion et le savoir-faire se rencontrent pour donner naissance \u00e0 des cr\u00e9ations uniques. Ici, la fleur n\u2019est pas seulement un \u00e9l\u00e9ment de d\u00e9coration : elle est mise en sc\u00e8ne, sculpt\u00e9e, pens\u00e9e dans une approche o\u00f9 [&hellip;]<\/p>\n","protected":false},"author":1,"featured_media":0,"parent":0,"menu_order":3,"comment_status":"open","ping_status":"closed","template":"content_news.php","meta":{"_acf_changed":false,"_monsterinsights_skip_tracking":false,"_monsterinsights_sitenote_active":false,"_monsterinsights_sitenote_note":"","_monsterinsights_sitenote_category":0,"footnotes":""},"class_list":["post-1036","page","type-page","status-publish","hentry"],"acf":[],"aioseo_notices":[],"_links":{"self":[{"href":"https:\/\/www.christianmorel.com\/blog\/wp-json\/wp\/v2\/pages\/1036","targetHints":{"allow":["GET"]}}],"collection":[{"href":"https:\/\/www.christianmorel.com\/blog\/wp-json\/wp\/v2\/pages"}],"about":[{"href":"https:\/\/www.christianmorel.com\/blog\/wp-json\/wp\/v2\/types\/page"}],"author":[{"embeddable":true,"href":"https:\/\/www.christianmorel.com\/blog\/wp-json\/wp\/v2\/users\/1"}],"replies":[{"embeddable":true,"href":"https:\/\/www.christianmorel.com\/blog\/wp-json\/wp\/v2\/comments?post=1036"}],"version-history":[{"count":82,"href":"https:\/\/www.christianmorel.com\/blog\/wp-json\/wp\/v2\/pages\/1036\/revisions"}],"predecessor-version":[{"id":10477,"href":"https:\/\/www.christianmorel.com\/blog\/wp-json\/wp\/v2\/pages\/1036\/revisions\/10477"}],"wp:attachment":[{"href":"https:\/\/www.christianmorel.com\/blog\/wp-json\/wp\/v2\/media?parent=1036"}],"curies":[{"name":"wp","href":"https:\/\/api.w.org\/{rel}","templated":true}]}}